91
What are the prime factors of 507469?
683, 743
What are the prime factors of 7444555?
5, 17, 87583
What are the prime factors of 23203840?
2, 5, 11, 103
List the prime factors of 29897.
7, 4271
What are the prime factors of 1589022?
2, 3, 43, 2053
What are the prime factors of 75561?
3, 89, 283
What are the prime factors of 1187629?
1187629
What are the prime factors of 1818715?
5, 61, 67, 89
List the prime factors of 3984752.
2, 37, 53, 127
List the prime factors of 519800.
2, 5, 23, 113
List the prime factors of 215478.
2, 3, 11971
What are the prime factors of 8229287?
11, 421, 1777
List the prime factors of 493472.
2, 7, 2203
What are the prime factors of 20483487?
3, 17, 83, 1613
List the prime factors of 13728307.
73, 181, 1039
What are the prime factors of 11900213?
13, 19, 48179
What are the prime factors of 640769?
79, 8111
What are the prime factors of 3904590?
2, 3, 5, 157, 829
List the prime factors of 10952870.
2, 5, 1095287
What are the prime factors of 1175644?
2, 19, 31, 499
List the prime factors of 9109652.
2, 2277413
List the prime factors of 137679.
3, 45893
List the prime factors of 379014.
2, 3, 181, 349
What are the prime factors of 10119887?
109, 227, 409
What are the prime factors of 14476126?
2, 7, 1034009
List the prime factors of 4563392.
2, 113, 631
List the prime factors of 37372016.
2, 11, 59, 61
List the prime factors of 416955.
3, 5, 7, 11, 19
What are the prime factors of 265022?
2, 132511
List the prime factors of 23429483.
7, 11, 304279
What are the prime factors of 151629?
3, 50543
List the prime factors of 1065836.
2, 41, 67, 97
What are the prime factors of 1729129?
1729129
What are the prime factors of 102229?
102229
List the prime factors of 626836.
2, 7, 61, 367
What are the prime factors of 631155?
3, 5, 7, 6011
What are the prime factors of 9515208?
2, 3, 449, 883
What are the prime factors of 144392?
2, 18049
List the prime factors of 369965.
5, 61, 1213
What are the prime factors of 272078?
2, 29, 4691
List the prime factors of 12390597.
3, 37, 79, 157
List the prime factors of 5916530.
2, 5, 591653
What are the prime factors of 22029042?
2, 3, 7, 17, 30853
What are the prime factors of 2874658?
2, 1437329
List the prime factors of 12534021.
3, 271, 571
List the prime factors of 259703.
37, 7019
What are the prime factors of 599900?
2, 5, 7, 857
What are the prime factors of 693289?
23, 43, 701
List the prime factors of 18943585.
5, 47, 80611
What are the prime factors of 855836?
2, 19, 11261
List the prime factors of 2199684.
2, 3, 183307
What are the prime factors of 3176399?
17, 29, 379
What are the prime factors of 10375656?
2, 3, 71, 6089
List the prime factors of 194152.
2, 7, 3467
What are the prime factors of 8831268?
2, 3, 97, 281
What are the prime factors of 1048060?
2, 5, 13, 29, 139
List the prime factors of 4275280.
2, 5, 53441
What are the prime factors of 29559?
3, 59, 167
What are the prime factors of 853843?
853843
List the prime factors of 984663.
3, 36469
What are the prime factors of 3790055?
5, 23, 32957
List the prime factors of 2045464.
2, 19, 13457
List the prime factors of 5556531.
3, 19, 71, 1373
List the prime factors of 78203.
78203
List the prime factors of 15497.
15497
What are the prime factors of 664066?
2, 13, 25541
List the prime factors of 263518.
2, 131759
List the prime factors of 60625.
5, 97
List the prime factors of 250038.
2, 3, 29, 479
What are the prime factors of 27303268?
2, 29, 53, 4441
List the prime factors of 409269.
3, 7, 19489
List the prime factors of 1141493.
61, 18713
List the prime factors of 1747618.
2, 199, 4391
What are the prime factors of 15105134?
2, 11, 151, 4547
What are the prime factors of 1975997?
1975997
List the prime factors of 1007491.
127, 7933
What are the prime factors of 7367294?
2, 11, 334877
What are the prime factors of 211034?
2, 105517
What are the prime factors of 11318573?
7, 1616939
List the prime factors of 784054.
2, 19, 47, 439
List the prime factors of 2846262.
2, 3, 37, 12821
What are the prime factors of 6477429?
3, 7, 167, 1847
What are the prime factors of 8513306?
2, 4256653
What are the prime factors of 5357266?
2, 89, 30097
List the prime factors of 11153979.
3, 599, 2069
What are the prime factors of 7781304?
2, 3, 349, 929
List the prime factors of 8408849.
19, 442571
What are the prime factors of 1812715?
5, 181, 2003
List the prime factors of 56898.
2, 3, 29, 109
What are the prime factors of 13983463?
13, 1075651
List the prime factors of 3248159.
3248159
List the prime factors of 51174.
2, 3, 2843
List the prime factors of 1187851.
7, 169693
List the prime factors of 855331.
855331
What are the prime factors of 615545?
5, 7, 43, 409
What are the prime factors of 4713078?
2, 3, 53, 14821
What are the prime factors of 6717296?
2, 419831
What are the prime factors of 17606254?
2, 17, 517831
What are the prime factors of 21718153?
1063, 20431
What are the prime factors of 4779759?
3, 47, 109, 311
List the prime factors of 975764.
2, 19, 37, 347
What are the prime factors of 10331694?
2, 3, 101, 5683
What are the prime factors of 243515?
5, 113, 431
What are the prime factors of 3566720?
2, 5, 5573
What are the prime factors of 313837?
17, 18461
List the prime factors of 956379.
3, 318793
What are the prime factors of 9381198?
2, 3, 1563533
List the prime factors of 148322.
2, 74161
List the prime factors of 190998.
2, 3, 131
What are the prime factors of 120291?
3, 101, 397
What are the prime factors of 2619113?
7, 374159
List the prime factors of 1817014.
2, 809, 1123
What are the prime factors of 273971?
273971
What are the prime factors of 332260?
2, 5, 37, 449
List the prime factors of 336528.
2, 3, 19, 41
What are the prime factors of 306830?
2, 5, 61, 503
List the prime factors of 1576953.
3, 7, 25031
List the prime factors of 237001.
347, 683
List the prime factors of 63088.
2, 3943
List the prime factors of 25264110.
2, 3, 5, 19, 127, 349
List the prime factors of 14361790.
2, 5, 47, 30557
What are the prime factors of 9332077?
1063, 8779
What are the prime factors of 5987729?
11, 179, 3041
What are the prime factors of 1160271?
3, 7, 877
What are the prime factors of 616462?
2, 7, 11, 4003
List the prime factors of 36674185.
5, 17, 163, 2647
List the prime factors of 1687287.
3, 7, 80347
What are the prime factors of 158430?
2, 3, 5, 5281
What are the prime factors of 35751189?
3, 43, 191, 1451
List the prime factors of 14371602.
2, 3, 7, 48883
What are the prime factors of 963335?
5, 192667
List the prime factors of 1828121.
1828121
List the prime factors of 1136138.
2, 568069
List the prime factors of 795927.
3, 11, 89, 271
List the prime factors of 360872.
2, 79, 571
What are the prime factors of 214519?
214519
List the prime factors of 659874.
2, 3, 71, 1549
What are the prime factors of 138661?
138661
What are the prime factors of 23322342?
2, 3, 3887057
List the prime factors of 69385.
5, 13877
List the prime factors of 4295118.
2, 3, 17, 2477
What are the prime factors of 1712278?
2, 856139
What are the prime factors of 4377259?
587, 7457
List the prime factors of 91087.
79, 1153
List the prime factors of 650107.
650107
What are the prime factors of 224632?
2, 43, 653
List the prime factors of 399036.
2, 3, 11, 3023
What are the prime factors of 1917658?
2, 958829
List the prime factors of 10861865.
5, 7, 23, 103, 131
What are the prime factors of 60919?
60919
List the prime factors of 8225680.
2, 5, 229, 449
List the prime factors of 592646.
2, 53, 5591
List the prime factors of 1091543.
41, 79, 337
What are the prime factors of 3867110?
2, 5, 13, 151, 197
List the prime factors of 1352559.
3, 13, 79, 439
What are the prime factors of 4950244?
2, 13, 23, 4139
List the prime factors of 2824577.
7, 403511
List the prime factors of 3215907.
3, 17, 21019
What are the prime factors of 126699?
3, 157, 269
What are the prime factors of 373915?
5, 17, 53, 83
List the prime factors of 113646.
2, 3, 13, 31, 47
List the prime factors of 8652112.
2, 7, 67, 1153
List the prime factors of 75447.
3, 83, 101
What are the prime factors of 209927?
209927
List the prime factors of 1558456.
2, 19, 10253
What are the prime factors of 350751?
3, 43, 2719
What are the prime factors of 726216?
2, 3, 302